 = n. Suppose 6*o = o - 5*d, 5*d = -o - 16. Let b(t) = 5*t + 1. Let j(z) = o*h(z) - b(z). Give j(0).
-1
Let f(n) = 2*n + 1. Let l(k) = 13*k + 19. Let t(r) = 8*r + 13. Let h(m) = 5*l(m) - 7*t(m). Let u(y) = -5*f(y) + h(y). Calculate u(9).
-10
Let y(d) = -5*d**2 - 2*d - 7. Let b(n) be the second derivative of -n**4/12 + n**3/6 + 4*n. Let v(h) = 4*b(h) - y(h). Let x = 109 - 115. Calculate v(x).
7
Suppose -36 = -8*p + 4*p. Let f(c) = 9342*c**2 + 4*c - 9343*c**2 + 6*c - 3 - 2. Determine f(p).
4
Suppose -3*i + 0*i = 18. Let x(v) be the first derivative of -v**4/12 - 7*v**3/6 + 2*v**2 + 5*v - 52. Let k(j) be the first derivative of x(j). Give k(i).
10
Let h(z) = -z**3 + 143*z**2 - 22*z + 4. Let r(j) = 3*j**3 - 468*j**2 + 69*j - 11. Let u(s) = -13*h(s) - 4*r(s). Suppose -2*y = 3*y + 60. Determine u(y).
16
Let w(k) = -6*k - 31. Let t(i) = 11*i + 55. Let l(x) = -3*t(x) - 5*w(x). Give l(-17).
41
Suppose 88*n - 1691 + 3151 = -4612. Let c(q) = 4*q**2 + 278*q + 134. Determine c(n).
-4
Let s = 75 - 72. Suppose 2*d = s*d + 5. Let m be d/((-20)/16) - 6. Let b(y) = 2*y**3 + 3*y**2 + 2*y + 3. What is b(m)?
-5
Let n(m) be the second derivative of -m**3/6 + 4*m**2 - 49*m. Let g be n(11). Let z(f) = -f**3 - 4*f**2 - 5*f - 4. What is z(g)?
2
Suppose 1395*u + 36 = 1401*u. Suppose -u*t + t + 20 = 0. Let j(b) = 9*b - 1. Determine j(t).
35
Let o(m) be the second derivative of 7/12*m**4 - 4*m**2 - 1/20*m**5 - m - 1/3*m**3 + 0. Let z = 4434 - 4427. Determine o(z).
-22
Let c(a) = 9*a**3 - 24*a**2 - 20*a + 80. Let s(u) = -2*u**3 - u**2 - u + 2. Let k(l) = -c(l) - 5*s(l). Calculate k(-28).
-6
Let d(k) = -2*k + 16. Let x be d(0). Suppose -4*z = x, 3*z + 33 = s - z. Let h(f) = -36 + 18 + 3*f + s. What is h(-4)?
-13
Let u(w) be the second derivative of -1/12*w**4 + 3/2*w**3 + 146*w - 7/2*w**2 + 0. Suppose 2*y - 14 - 4 = 0. Calculate u(y).
-7
Let r = -5690 - -5664. Let f(c) = 3*c + 93. Give f(r).
15
Let y(u) = -4*u**2 + 27*u - 6. Let m(c) = -c**3 + 7*c - 2. Let f(z) = 4*m(z) - y(z). What is f(-1)?
5
Let l be 1/(-3)*(8 - 17). Let u be -3 - (4 - l)*-14. Let j be (-2)/u - (-237)/33. Let p(c) = -c**2 + 6*c + 4. Determine p(j).
-3
Let b(a) be the first derivative of a**5/60 - a**4/24 - a**3/6 - a**2 - 18*a - 4. Let j(z) be the second derivative of b(z). What is j(2)?
1
Let a(h) be the second derivative of -h**5/20 - h**4/2 - h**3/2 - 13*h**2/2 - 6*h. Let b be a(-6). Let g(v) = 131 - 41*v + 39*v - 127. What is g(b)?
-6
Suppose -4*h = -4*w + 36, -72*h = 3*w - 68*h - 13. Let y(p) = p**3 - 6*p**2 - 6*p + 2. Calculate y(w).
9
Suppose -4*h = n - 1, 3*h - 52 = 4*n - 18. Let r(l) = 9*l**2 - 4*l + 17. Give r(h).
45
Let j(t) = -213*t - 219*t - 164*t + 875*t + 1018 - 187*t. Give j(-11).
6
Let a(c) be the first derivative of -5*c**3/3 - 15*c**2/2 + 16*c - 82. Let z(b) = -b**2 - 1. Let j(t) = -a(t) + 4*z(t). What is j(-16)?
-4
Let k(l) be the first derivative of -4*l**3/3 + 7*l**2/2 + 10*l + 521. Determine k(4).
-26
Let h(a) be the first derivative of a**4/4 + 4*a**3 - a**2/2 - 16*a - 509. Let v = 5 - 2. Let p be ((-4)/2)/(v/18). What is h(p)?
-4
Let m(v) be the third derivative of 0 + 0*v + 2*v**2 + 1/20*v**5 + 1/12*v**4 + 1/120*v**6 - 1/6*v**3. Let r be (9 + (-1375)/150)*18. Determine m(r).
-7
Let p(t) be the third derivative of t**4/12 + 2*t**3/3 - 8*t**2. Let b be (-2785)/(-15) + 3/9. Let a = -189 + b. Determine p(a).
-2
Let b(o) be the first derivative of o**4/4 - 8*o**3/3 + 6*o**2 - o + 4502. Determine b(5).
-16
Let b(m) = -m**2 - 11*m - 6. Suppose 16*d + 531 = 51. Let k be (4/(-1))/12 - (-260)/d. Give b(k).
12
Let t(s) = s**3 - 9*s**2 - 5*s + 28. Let f be t(10). Let b = f + -74. Let y(d) = d**3 - 6*d**2 + 3*d + 4. Give y(b).
-16
Suppose 162 = 114*i - 153*i + 513. Let y(l) = -2*l**2 + 17*l + 7. Give y(i).
-2
Suppose -2*u + 1 = 5. Let m(o) = -o**2 + 8*o - 5. Let t be m(1). Let j(y) = -8302*y**2 - 1 - 1 - y + 8299*y**t. Give j(u).
-12
Let m(y) = y**2 - 5*y + 1. Suppose -4*i = -3*v + 30, -2*i - 3 = 3. Suppose 0 = v*t - 2*t - 116. Suppose -t = -5*h - 4. Give m(h).
1
Let p(u) = u**2 - 6*u - 1. Suppose -15*r + 20 = -55. Let w be p(r). Let j(y) = -y**3 - 7*y**2 - 2*y + 2. Give j(w).
-22
Let w be (-51)/(-7) + 24/(-84). Let c(u) = -u**2 + 21*u - 50. Let p be c(w). Let d be (2/4)/((-148)/p + 3). Let a(t) = -t**3 - 5*t**2 + 5*t - 3. Calculate a(d).
3
Let y(t) = t**2 - 7*t + 13. Let z be y(4). Let c(w) = 7*w + 13*w + 14*w - 36*w + z - 4*w**2. What is c(2)?
-19
Suppose y - u + 16 = 0, 7*u = 2*y + 10*u + 12. Let d be (3/(9/y) - -9)/1. Let r(a) = a**3 - 5*a**2 - 6*a - 5. What is r(d)?
-35
Let c be 0 + 29 - (-63)/(-21). Let s = c + -25. Let k be s/2*6 - 1. Let d(z) = 2*z**2 - 2. Determine d(k).
6
Let d(b) = -b**3 - 4*b**2 - b + 1. Suppose 4*o = 2*y + 10, -2*y = 3*o + 16 - 41. Let s(p) = 3*p**3 + 8*p**2 + 3*p - 1. Let r(x) = o*d(x) + 2*s(x). What is r(4)?
7
Let m(o) = -o**2 + 5*o + 9. Let g = -116 - -105. Let d(b) = b**3 + 12*b**2 + 2*b + 20. Let v be d(g). Let s = 126 - v. Determine m(s).
-5
Let s(b) = b**3 - 9*b**2 + b - 8. Let y(k) = -264 - 9*k + 333 + 5*k. Let v be y(15). What is s(v)?
1
Let r be 4*-2 + ((-95)/(-20) - (-6)/24). Let c(h) = 5*h - 5. Give c(r).
-20
Let y(x) = -7*x. Suppose 5*s - 13*d + 14*d + 2700 = 0, -5*s + 4*d = 2725. Let a = s - -538. Determine y(a).
21
Suppose 11*b + 48 = 10*b. Suppose -11*f - 7 = -12*f. Let c be 5*(b/70 - (-2)/f). Let j(k) = -3*k - 1. What is j(c)?
5
Let m(a) be the first derivative of -19*a**3/3 + 5*a**2/2 + 5*a + 4546. Determine m(-1).
-19
Suppose 14 = 7*d - 14. Suppose -3*t - 96 = -d*m, -5*m - 2*t = -0*t - 120. Suppose 0 = -19*c + m*c - 10. Let i(r) = 2*r**2 - 2*r + 2. Determine i(c).
6
Let p(a) = -a**3 + a**2 - 3*a - 1. Let y(t) = 3*t**2 + 80*t + 451. Let n be y(-8). Give p(n).
-28
Let k(u) = -3*u - 8*u**2 - u**3 + 2*u - 4 + 8. Let w be -2 - -6*((-18)/6 - -2). Determine k(w).
12
Let i(p) be the third derivative of 0 + 0*p - 34*p**2 - 5/6*p**3 + 1/24*p**4 - 1/60*p**5. Calculate i(4).
-17
Let l(n) = 30*n**2 - 5*n + 5. Suppose -34 = 3*v + 4*x - 5, -v = 3*x + 23. Determine l(v).
30
Suppose 2*b + 11 - 10 = a, 5*a - 5 = b. Let y(f) = 11*f + 3. Calculate y(a).
14
Let s(j) = -15*j**3 - 7*j**2 - j. Let u(p) = -p**3 + 6*p**2. Let r(b) = 3*s(b) + 3*u(b). What is r(-1)?
48
Let f(m) = -6*m**2 - 2*m - 1. Let v(o) = -o - 1. Let z be v(-3). Let x be -1*-1*(-8)/(-2). Suppose 5*s + n + 0*n + x = 0, 0 = -z*s - n - 1. Give f(s).
-5
Let v(i) = -i**2 - 2*i + 83. Let a be v(9). Let z(t) = -t - 25. Calculate z(a).
-9
Let m(j) = -4*j**2 + 38*j - 15. Let w be m(9). Suppose 12 = 4*r + 4*l - 12, w*r - 18 = -l. Let g(s) = -s**3 + 5*s**2 + 8*s - 4. Determine g(r).
8
Let j(o) = o**2 + 108*o + 2869. Let a be j(-61). Let b(y) = -4*y**3 + 5*y**2 - 7*y + 4. Give b(a).
-22
Let n(v) = 96*v - 100. Let c = 19511 + -19510. What is n(c)?
-4
Let t(y) = -y - 15. Let n be t(-10). Let l(g) = -3*g - 30. Determine l(n).
-15
Let k(m) = 14*m + 13*m - m**3 - 3*m**2 + 9*m**2 + 2*m**3 + 6 - 29*m. Determine k(-6).
18
Suppose -6 = -22*p + 19*p. Suppose 0 = p*l + b - 14, 3*b - b = -l + 10. Let m(o) = -o**2 + 8*o + 1. Let v(n) = n + 1. Let h(s) = -m(s) + v(s). Calculate h(l).
-6
Let v(r) = -26*r - 23*r - 36*r - 64 - 28*r + 110*r. What is v(-28)?
20
Let k(r) = -2*r**2 + 4*r - 1. Suppose 142 = 467*b - 469*b. Let o = 74 + b. Give k(o).
-7
Let z(m) = -19*m + 1. Let s(y) = 68*y - 47. Let k(a) = -s(a) - 4*z(a). What is k(-6)?
-5
Let b(k) = k**3 - 8*k**2 - 3*k + 17. Suppose 2*h = -0*r + 5*r - 34, -3*r + 15 = -3*h. Calculate b(r).
-7
Suppose 4*l - 5*z + 1 = 0, l - 6 = -l - 4*z. Suppose -2*x - 3*o = -1, 2*x - 3*o - l = -6. Let i(c) = 18*c**2 - c. Calculate i(x).
19
Let r(p) = p**2 + 7*p - 1. Let l = 3356 - 3363. What is r(l)?
-1
Suppose m - 8 = u, 50 - 55 = -u. Let f(s) = 0*s - 8 - 2 + s. Determine f(m).
3
Let b(f) = -21*f**3 + 41*f**2 + 63*f + 17. Let u(x) = 29*x**3 - 55*x**2 - 84*x - 23. Let s(z) = 11*b(z) + 8*u(z). Give s(-3).
12
Let y(l) = l**2 - 8*l - 92. Suppose 36*g + 1116 = -154*g + 4*g. What is y(g)?
-8
Let r(c) be the second derivative of c**5/20 + 2*c**4/3 - c**3/3 + 11*c**2/2 - 181*c + 2. Give r(-9).
-52
Let a(r) = -r**2 - 87*r - 1073. Let c be a(-15). Let s(x) = -26*x + 97. What is s(c)?
-85
Suppose 4*f + 16*u - 28 = 14*u, 3*u + 28 = f. Let n(p) = 5*p + 5. Calculate n(f).
55
Suppose -18 = -4*m + 3*u - 0*u, m 